9332384?
2, 89, 743, 2131
List the prime factors of 200364425.
5, 421, 19037
List the prime factors of 11329856.
2, 211, 839
What are the prime factors of 680048293?
680048293
What are the prime factors of 287646084?
2, 3, 11, 726379
List the prime factors of 25618523.
7, 522827
What are the prime factors of 1241900618?
2, 7, 71, 1249397
What are the prime factors of 4303032368?
2, 59, 1609, 2833
What are the prime factors of 2346058236?
2, 3, 23, 8500211
What are the prime factors of 108965425?
5, 4358617
List the prime factors of 253911892.
2, 13, 103, 47407
What are the prime factors of 805182?
2, 3, 7, 19, 1009
List the prime factors of 4953428948.
2, 13, 23, 4141663
What are the prime factors of 278565917?
7, 39795131
What are the prime factors of 38760503?
38760503
What are the prime factors of 55189432?
2, 353, 19543
What are the prime factors of 12834717?
3, 7, 12473
What are the prime factors of 146740198?
2, 11, 59, 113051
List the prime factors of 15639784.
2, 229, 8537
List the prime factors of 180158434.
2, 3217, 28001
What are the prime factors of 2834064902?
2, 1417032451
What are the prime factors of 210559903?
12647, 16649
List the prime factors of 206501416.
2, 11, 31, 59, 1283
List the prime factors of 25181146.
2, 67, 113, 1663
List the prime factors of 58849969.
47, 26641
List the prime factors of 43676996.
2, 11, 992659
What are the prime factors of 3167677451?
3167677451
List the prime factors of 333132321.
3, 5273, 21059
What are the prime factors of 3059557023?
3, 19, 53, 1012763
What are the prime factors of 6240000068?
2, 263, 5931559
List the prime factors of 14128865.
5, 2825773
What are the prime factors of 556331781?
3, 4273, 43399
List the prime factors of 204428887.
13, 15725299
What are the prime factors of 154528183?
154528183
List the prime factors of 1018909630.
2, 5, 53, 1922471
List the prime factors of 3686579951.
79, 1301, 35869
List the prime factors of 12780027.
3, 13, 19, 5749
List the prime factors of 367608119.
17, 367, 58921
What are the prime factors of 97600721?
97, 1006193
What are the prime factors of 165147611?
165147611
List the prime factors of 1349988092.
2, 67, 5037269
What are the prime factors of 382136508?
2, 3, 13, 47, 5791
What are the prime factors of 821033611?
67, 182899
What are the prime factors of 350206983?
3, 7, 205883
What are the prime factors of 16068240?
2, 3, 5, 43, 173
List the prime factors of 328575976.
2, 23, 113, 15803
What are the prime factors of 883015187?
883015187
What are the prime factors of 321309040?
2, 5, 13, 308951
List the prime factors of 830198825.
5, 17, 19, 102811
What are the prime factors of 845761527?
3, 13, 97, 24841
What are the prime factors of 156473422?
2, 7, 157, 257, 277
List the prime factors of 311129019.
3, 17, 13291
List the prime factors of 326390025.
3, 5, 13, 334759
What are the prime factors of 188283316?
2, 13, 41, 47, 1879
What are the prime factors of 554015098?
2, 7, 13, 101, 30139
List the prime factors of 791954841.
3, 47, 89, 223, 283
List the prime factors of 162815228.
2, 4691, 8677
List the prime factors of 117374991.
3, 439, 89123
What are the prime factors of 395747772?
2, 3, 7, 383, 12301
What are the prime factors of 3333032602?
2, 59, 401, 70439
List the prime factors of 15898418.
2, 281, 28289
List the prime factors of 366421456.
2, 73, 313717
What are the prime factors of 6508074?
2, 3, 509, 2131
What are the prime factors of 1439056238?
2, 19, 197, 192233
List the prime factors of 106166331.
3, 11796259
List the prime factors of 177622698.
2, 3, 11, 17, 23, 6883
What are the prime factors of 151367630?
2, 5, 15136763
List the prime factors of 55385118.
2, 3, 43, 163, 439
What are the prime factors of 290751478?
2, 3797, 38287
What are the prime factors of 5433896702?
2, 13, 208996027
What are the prime factors of 69401469?
3, 47, 61, 8069
List the prime factors of 242307005.
5, 31, 1563271
List the prime factors of 242694108.
2, 3, 17, 23327
List the prime factors of 19287763.
11, 159403
What are the prime factors of 33384780?
2, 3, 5, 11, 13, 1297
List the prime factors of 2080820772.
2, 3, 2141, 8999
What are the prime factors of 17479715?
5, 11, 19, 43, 389
What are the prime factors of 137803546?
2, 3301, 20873
List the prime factors of 32812928.
2, 389, 659
What are the prime factors of 10614489?
3, 337, 10499
What are the prime factors of 2221419546?
2, 3, 17, 29, 83443
List the prime factors of 77452060.
2, 5, 7, 553229
List the prime factors of 5027364377.
7, 419, 34981
What are the prime factors of 334073370?
2, 3, 5, 37, 300967
List the prime factors of 2235680691.
3, 367, 2030591
What are the prime factors of 297311204?
2, 31, 919, 2609
What are the prime factors of 34984366?
2, 17492183
What are the prime factors of 518529574?
2, 1039, 249533
What are the prime factors of 362186660?
2, 5, 11, 1646303
List the prime factors of 215960066.
2, 7, 15425719
What are the prime factors of 196367964?
2, 3, 13, 19, 97, 683
What are the prime factors of 403136037?
3, 44792893
What are the prime factors of 4940272144?
2, 367, 841327
What are the prime factors of 2026950812?
2, 22283, 22741
What are the prime factors of 1140595952?
2, 239, 379, 787
What are the prime factors of 396174158?
2, 113, 1752983
What are the prime factors of 150199004?
2, 29, 1123, 1153
List the prime factors of 32840400.
2, 3, 5, 27367
What are the prime factors of 102501255?
3, 5, 463, 14759
List the prime factors of 101618080.
2, 5, 19, 33427
What are the prime factors of 51995615?
5, 7, 212227
What are the prime factors of 915483284?
2, 79, 97, 29867
List the prime factors of 2765828285.
5, 11, 431, 10607
What are the prime factors of 35802517?
19, 1884343
List the prime factors of 725962098.
2, 3, 61, 1983503
What are the prime factors of 1271188724?
2, 13, 37, 463, 1427
List the prime factors of 109263354.
2, 3, 18210559
What are the prime factors of 1156561136?
2, 17, 4252063
List the prime factors of 41855479.
17, 2462087
List the prime factors of 314002983.
3, 7, 157, 95239
What are the prime factors of 324599808?
2, 3, 13, 127
List the prime factors of 599248619.
19, 31539401
List the prime factors of 380821978.
2, 19, 113, 131, 677
What are the prime factors of 2200594180?
2, 5, 110029709
List the prime factors of 685898871.
3, 7, 47, 401, 1733
List the prime factors of 190470773.
190470773
List the prime factors of 4717186.
2, 43, 54851
List the prime factors of 3237411888.
2, 3, 47, 53149
List the prime factors of 965210150.
2, 5, 79, 244357
What are the prime factors of 102235183?
107, 955469
List the prime factors of 426327060.
2, 3, 5, 101, 70351
List the prime factors of 47775265.
5, 47, 263, 773
List the prime factors of 42748097.
7, 1669, 3659
List the prime factors of 41078314.
2, 20539157
What are the prime factors of 674544939?
3, 53, 4242421
What are the prime factors of 142902753?
3, 7, 41, 269, 617
What are the prime factors of 2013236632?
2, 11, 73, 79, 3967
What are the prime factors of 61046855?
5, 37, 79, 4177
List the prime factors of 68168810.
2, 5, 17, 233, 1721
List the prime factors of 66399728.
2, 4149983
List the prime factors of 310294838.
2, 7, 29, 764273
What are the prime factors of 2847244407?
3, 7, 2837, 47791
What are the prime factors of 634830896?
2, 7, 31, 67, 2729
What are the prime factors of 588460706?
2, 503, 584951
What are the prime factors of 1586680456?
2, 83, 1193, 2003
What are the prime factors of 11366591?
17, 668623
What are the prime factors of 1820675472?
2, 3, 7, 11, 47, 223
List the prime factors of 1310225769.
3, 19, 7662139
List the prime factors of 94607775.
3, 5, 420479
What are the prime factors of 1836631228?
2, 17393, 26399
What are the prime factors of 392710496?
2, 53, 231551
List the prime factors of 2487106826.
2, 1243553413
What are the prime factors of 22647518?
2, 2617, 4327
List the prime factors of 1559533806.
2, 3, 86640767
List the prime factors of 50746785.
3, 5, 17, 59, 3373
List the prime factors of 3156434.
2, 1578217
What are the prime factors of 290629492?
2, 72657373
What are the prime factors of 2319395944?
2, 31, 199, 46997
List the prime factors of 1242021621.
3, 19, 191, 114083
What are the prime factors of 2691901435?
5, 5153, 104479
List the p